{"id":154,"date":"2019-05-31T20:23:34","date_gmt":"2019-05-31T20:23:34","guid":{"rendered":"http:\/\/image-trackers.de\/?page_id=154"},"modified":"2019-06-08T22:45:07","modified_gmt":"2019-06-08T22:45:07","slug":"work-shops","status":"publish","type":"page","link":"https:\/\/image-trackers.de\/?page_id=154","title":{"rendered":"Work-Shops"},"content":{"rendered":"\n<figure class=\"wp-block-image\"><img loading=\"lazy\" decoding=\"async\" width=\"884\" height=\"374\" src=\"http:\/\/image-trackers.de\/wp-content\/uploads\/2019\/06\/Location.jpg\" alt=\"\" class=\"wp-image-159\" srcset=\"https:\/\/image-trackers.de\/wp-content\/uploads\/2019\/06\/Location.jpg 884w, https:\/\/image-trackers.de\/wp-content\/uploads\/2019\/06\/Location-300x127.jpg 300w, https:\/\/image-trackers.de\/wp-content\/uploads\/2019\/06\/Location-768x325.jpg 768w\" sizes=\"auto, (max-width: 767px) 89vw, (max-width: 1000px) 54vw, (max-width: 1071px) 543px, 580px\" \/><\/figure>\n\n\n\n<p class=\"has-medium-font-size\"><strong>Einf\u00fchrung\nin die Studiofotografie<\/strong><\/p>\n\n\n\n<p>Der Workshop \u201eEinf\u00fchrung in die Studiofotografie\u201c bietet Fotografinnen\/ Fotografen die M\u00f6glichkeit sich grunds\u00e4tzlich mit den Besonderheiten und speziellen Anforderungen der Studiofotografie vertraut zu machen. Dieser Workshop bildet die Basis f\u00fcr weitere Workshops\/Seminare in diesem Bereich. Der Workshop erm\u00f6glicht dem Fotografierenden, die Grundlagen der Studiofotografie zu erlernen und sich mit der Studiotechnik vertraut zu machen. Es wird erkl\u00e4rt wie die Arbeit mit einer Blitzanlage funktioniert und gezeigt, wie man zu den korrekten Werten f\u00fcr Blende und Belichtungszeit kommt. Anschlie\u00dfend arbeiten wir mit Ihnen mit einer Studioblitzanlage und den g\u00e4ngigen Lichtformern. Dabei haben Sie die M\u00f6glichkeit die Wirkungsweise der verschiedenen Lichtformer kennen zu lernen, diese auszuprobieren und daraus Erkenntnisse f\u00fcr den optimalen Einsatz von Lichtformern zu gewinnen. Sie arbeiten u.a. mit:<\/p>\n\n\n\n<ul class=\"wp-block-list\"><li>Durchlichtschirm<\/li><li>Standardreflektor<\/li><li>Verlaufsreflektor<\/li><li>Softboxen<\/li><li>Striplite<\/li><li>Beautydish<\/li><li>Spot<\/li><li>Klappenreflektor<\/li><\/ul>\n\n\n\n<p>Die Wirkungsweise dieser Lichtformer erarbeiten Sie an einer Schaufensterpuppe. So ist ein stets identischer Standpunkt und Haltung des Avatars gew\u00e4hrleistet, und Sie sind in der Lage ihre Aufnahmen mit einander zu vergleichen. Anschlie\u00dfend kombinieren wir einzelne Lichtformer mit Reflektoren und einem 2. bzw. 3. Studioblitz, so dass Sie f\u00fcr zuk\u00fcnftige Shootings einige Standardsetups erlernen, die Sie sp\u00e4ter sicher anwenden k\u00f6nnen. Wir haben nat\u00fcrlich &nbsp;auch Unterlagen vorbereitet, so dass Sie sich Notizen machen, und die Basis-Informationen mit nach Hause nehmen k\u00f6nnen. Dar\u00fcber hinaus liegen auch Vorlagen bereit auf den sie ihre Setups einzeichnen k\u00f6nnen.<\/p>\n\n\n\n<p>Dauer des Kurses: ca. 8 Stunden (inkl. Pause). Kostenbeitrag: 39 \u20ac Vorraussetzung:&nbsp; digitale Spiegelreflexkamera mit Synchronan-schlussbuchse und \/ oder Blitzschuh.<\/p>\n\n\n\n<p>User-Level: Anf\u00e4nger<\/p>\n\n\n\n<p>Im\nStudiofotografie-Grundkurs enthalten sind:<\/p>\n\n\n\n<ul class=\"wp-block-list\"><li>Theoretischer      Einf\u00fchrung<\/li><li>Praktische \u00dcbungen<\/li><li>Arbeitsunterlagen<\/li><\/ul>\n\n\n\n<p class=\"has-text-color has-medium-font-size has-vivid-red-color\">Anmeldung: info@image-trackers.de<\/p>\n\n\n\n<figure class=\"wp-block-image is-resized\"><img loading=\"lazy\" decoding=\"async\" src=\"http:\/\/image-trackers.de\/wp-content\/uploads\/2019\/04\/Logo_05.png\" alt=\"\" class=\"wp-image-5\" width=\"390\" height=\"412\" srcset=\"https:\/\/image-trackers.de\/wp-content\/uploads\/2019\/04\/Logo_05.png 945w, https:\/\/image-trackers.de\/wp-content\/uploads\/2019\/04\/Logo_05-284x300.png 284w, https:\/\/image-trackers.de\/wp-content\/uploads\/2019\/04\/Logo_05-768x813.png 768w\" sizes=\"auto, (max-width: 390px) 100vw, 390px\" \/><\/figure>\n\n\n\n<p class=\"has-medium-font-size\"><strong>Einf\u00fchrung\nin die Produkt-Fotografie<\/strong><\/p>\n\n\n\n<p>Gleichg\u00fcltig ob zur Nutzung auf der eigenen Website, f\u00fcr Social Media Aktivit\u00e4ten oder zum direkten Verkauf eines Produkts bei Plattformen wie eBay und Amazon: professionelle Produktbilder sind heute ein unver-zichtbares Mittel um die Eigenschaften eines Produkts an den Kunden zu kommunizieren. Bereits durch die zum jeweiligen Produkt passende Ausleuchtung k\u00f6nnen bestimmte Charakteristika herausgearbeitet werden. Ein gutes Produktbild l\u00e4sst den Betrachter nicht nur Form und Farbe des Produkts realistisch einsch\u00e4tzen, sondern vermittelt auch ein Gef\u00fchl f\u00fcr die verwendeten Materialien und deren Anmutung. <\/p>\n\n\n\n<p>Unser Workshop bietet Ihnen eine Basis-Einf\u00fchrung in die Produktfoto-grafie. Dieser Workshop eignet sich f\u00fcr alle die einen Einblick in die Produktfotografie erhalten m\u00f6chten. Es werden sowohl theoretische Inhalte zum Thema vermittelt, als auch praktische \u00dcbungen durchgef\u00fchrt. Dabei wird an zwei Sets mit unterschiedlichen Techniken gearbeitet.<\/p>\n\n\n\n<p>Set 1: bietet einen professionellen Aufnahmetisch inkl. Studio-Blitzanlage. Set 2: hier wird mit dem Einsatz von Lichtzelt und g\u00fcnstigen Dauerlichtquellen und Systemblitzen gearbeitet, so dass auch die an der Low-Budget-Produktfotografie interessierten auf ihre Kosten kommen. <\/p>\n\n\n\n<p>Dadurch ist dieser Workshop sowohl f\u00fcr den Onlineshop-Betreiber, der schnell in einem g\u00fcnstigen Sed professionelle Produktfotos f\u00fcr den Webshop erstellen m\u00f6chte, als auch f\u00fcr den ambitionierten Fotografen, der professionelle Produktfotos erstellen m\u00f6chte geeignet. <\/p>\n\n\n\n<p>Der Workshop\nvermittelt folgende Themen:&nbsp;<\/p>\n\n\n\n<ul class=\"wp-block-list\"><li>Einf\u00fchrung in das Thema Produktfotografie<\/li><li>Produkte ins rechte Licht ger\u00fcckt, Wirkung von Licht und Schatten<\/li><li>Produktfotografie mit nat\u00fcrlichem Licht<\/li><li>Produktfotografie mit Dauerlicht \/ Systemblitz<\/li><li>Produktfotografie mit Studio-Blitzanlage<\/li><li>Ausr\u00fcstungsberatung, was braucht man, was k\u00f6nnte man noch brauchen<\/li><li>Praktische Umsetzung<\/li><li>Motivwahl und Gestaltung<\/li><li>Tipps zum Workflow, Bildbearbeitung<\/li><\/ul>\n\n\n\n<p>Dauer des Kurses: ca. 8 Stunden (inkl. Pause). <\/p>\n\n\n\n<p>Kostenbeitrag: 39 \u20ac. <\/p>\n\n\n\n<p>Voraussetzung: digitale Kamera mit Blitzanschluss, Objektiv (Brennweite 50 \u2013 135 mm). <\/p>\n\n\n\n<p>Userlevel: Anf\u00e4nger bis Fortgeschritten<\/p>\n\n\n\n<p>Im Workshop Produktgrafie enthalten sind: <\/p>\n\n\n\n<p>Theoretische Einf\u00fchrung <\/p>\n\n\n\n<p>Praktische \u00dcbungen<\/p>\n\n\n\n<p>Arbeitsmaterial<\/p>\n\n\n\n<p class=\"has-text-color has-medium-font-size has-vivid-red-color\">Anmeldung: info@image-trackers.de<\/p>\n","protected":false},"excerpt":{"rendered":"<p>Einf\u00fchrung in die Studiofotografie Der Workshop \u201eEinf\u00fchrung in die Studiofotografie\u201c bietet Fotografinnen\/ Fotografen die M\u00f6glichkeit sich grunds\u00e4tzlich mit den Besonderheiten und speziellen Anforderungen der Studiofotografie vertraut zu machen. Dieser Workshop bildet die Basis f\u00fcr weitere Workshops\/Seminare in diesem Bereich. Der Workshop erm\u00f6glicht dem Fotografierenden, die Grundlagen der Studiofotografie zu erlernen und sich mit der Studiotechnik &hellip; <\/p>\n<p class=\"link-more\"><a href=\"https:\/\/image-trackers.de\/?page_id=154\" class=\"more-link\"><span class=\"screen-reader-text\">\u201eWork-Shops\u201c <\/span>weiterlesen<\/a><\/p>\n","protected":false},"author":1,"featured_media":0,"parent":0,"menu_order":65,"comment_status":"closed","ping_status":"closed","template":"","meta":{"footnotes":""},"class_list":["post-154","page","type-page","status-publish","hentry"],"_links":{"self":[{"href":"https:\/\/image-trackers.de\/index.php?rest_route=\/wp\/v2\/pages\/154","targetHints":{"allow":["GET"]}}],"collection":[{"href":"https:\/\/image-trackers.de\/index.php?rest_route=\/wp\/v2\/pages"}],"about":[{"href":"https:\/\/image-trackers.de\/index.php?rest_route=\/wp\/v2\/types\/page"}],"author":[{"embeddable":true,"href":"https:\/\/image-trackers.de\/index.php?rest_route=\/wp\/v2\/users\/1"}],"replies":[{"embeddable":true,"href":"https:\/\/image-trackers.de\/index.php?rest_route=%2Fwp%2Fv2%2Fcomments&post=154"}],"version-history":[{"count":3,"href":"https:\/\/image-trackers.de\/index.php?rest_route=\/wp\/v2\/pages\/154\/revisions"}],"predecessor-version":[{"id":160,"href":"https:\/\/image-trackers.de\/index.php?rest_route=\/wp\/v2\/pages\/154\/revisions\/160"}],"wp:attachment":[{"href":"https:\/\/image-trackers.de\/index.php?rest_route=%2Fwp%2Fv2%2Fmedia&parent=154"}],"curies":[{"name":"wp","href":"https:\/\/api.w.org\/{rel}","templated":true}]}}